6
What is the remainder when 20154 is divided by 1438?
22
Calculate the remainder when 12797 is divided by 366.
353
What is the remainder when 3238 is divided by 331?
259
Calculate the remainder when 73386 is divided by 1706.
28
Calculate the remainder when 252 is divided by 72.
36
Calculate the remainder when 338866 is divided by 1069.
1062
What is the remainder when 1571 is divided by 62?
21
What is the remainder when 42637 is divided by 104?
101
What is the remainder when 3208 is divided by 11?
7
What is the remainder when 6054 is divided by 1511?
10
Calculate the remainder when 15977 is divided by 160.
137
What is the remainder when 7154 is divided by 3552?
50
What is the remainder when 7573 is divided by 2439?
256
Calculate the remainder when 13850 is divided by 2585.
925
Calculate the remainder when 657 is divided by 3.
0
Calculate the remainder when 14422 is divided by 7211.
0
What is the remainder when 854 is divided by 399?
56
Calculate the remainder when 42682 is divided by 83.
20
What is the remainder when 48602 is divided by 247?
190
Calculate the remainder when 326189 is divided by 296.
293
Calculate the remainder when 27938 is divided by 9.
2
Calculate the remainder when 131024 is divided by 16.
0
What is the remainder when 223723 is divided by 165?
148
What is the remainder when 507401 is divided by 15?
11
Calculate the remainder when 1370697 is divided by 15.
12
Calculate the remainder when 4260 is divided by 112.
4
What is the remainder when 1813 is divided by 849?
115
What is the remainder when 130127 is divided by 26?
23
What is the remainder when 481 is divided by 216?
49
Calculate the remainder when 175726 is divided by 143.
122
Calculate the remainder when 330 is divided by 127.
76
What is the remainder when 597853 is divided by 628?
625
Calculate the remainder when 26416 is divided by 106.
22
What is the remainder when 1983416 is divided by 36?
32
What is the remainder when 8467 is divided by 93?
4
Calculate the remainder when 86601 is divided by 2112.
9
Calculate the remainder when 27425 is divided by 165.
35
What is the remainder when 220604 is divided by 453?
446
Calculate the remainder when 2860 is divided by 1418.
24
Calculate the remainder when 41049 is divided by 48.
9
What is the remainder when 4405 is divided by 1100?
5
Calculate the remainder when 5508 is divided by 1809.
81
What is the remainder when 7976 is divided by 3979?
18
Calculate the remainder when 598502 is divided by 68.
34
What is the remainder when 8424 is divided by 339?
288
What is the remainder when 2451 is divided by 1222?
7
Calculate the remainder when 5193 is divided by 350.
293
Calculate the remainder when 5346 is divided by 1367.
1245
Calculate the remainder when 16091 is divided by 87.
83
Calculate the remainder when 81001 is divided by 93.
91
What is the remainder when 10071 is divided by 2511?
27
Calculate the remainder when 13268 is divided by 2650.
18
Calculate the remainder when 175681 is divided by 2224.
2209
What is the remainder when 419974 is divided by 9?
7
What is the remainder when 36162 is divided by 43?
42
Calculate the remainder when 146855 is divided by 625.
605
Calculate the remainder when 2051 is divided by 1990.
61
Calculate the remainder when 3836320 is divided by 34.
32
What is the remainder when 19634 is divided by 22?
10
What is the remainder when 229712 is divided by 30?
2
What is the remainder when 237424 is divided by 27?
13
What is the remainder when 149314 is divided by 1843?
31
What is the remainder when 62042 is divided by 3876?
26
What is the remainder when 62984 is divided by 62851?
133
What is the remainder when 74385 is divided by 12388?
57
Calculate the remainder when 949 is divided by 421.
107
What is the remainder when 665966 is divided by 389?
387
Calculate the remainder when 153119 is divided by 435.
434
Calculate the remainder when 73869 is divided by 83.
82
Calculate the remainder when 1963 is divided by 1622.
341
What is the remainder when 3779878 is divided by 120?
118
What is the remainder when 475976 is divided by 2492?
4
What is the remainder when 45338 is divided by 249?
20
What is the remainder when 20782 is divided by 55?
47
What is the remainder when 23385 is divided by 866?
3
Calculate the remainder when 296 is divided by 239.
57
What is the remainder when 122681 is divided by 2666?
45
What is the remainder when 314114 is divided by 53?
36
Calculate the remainder when 17422 is divided by 34.
14
Calculate the remainder when 110897 is divided by 1098.
1097
Calculate the remainder when 110445 is divided by 52.
49
What is the remainder when 45433 is divided by 15135?
28
Calculate the remainder when 19678 is divided by 2458.
14
What is the remainder when 1692951 is divided by 586?
583
Calculate the remainder when 178705 is divided by 11.
10
What is the remainder when 1005014 is divided by 33?
32
What is the remainder when 41572 is divided by 2188?
0
What is the remainder when 15916 is divided by 15576?
340
What is the remainder when 3322392 is divided by 909?
906
What is the remainder when 144066 is divided by 192?
66
Calculate the remainder when 102881 is divided by 1740.
221
What is the remainder when 22535 is divided by 50?
35
What is the remainder when 26633 is divided by 2662?
13
Calculate the remainder when 382375 is divided by 31.
21
What is the remainder when 24643 is divided by 12317?
9
What is the remainder when 90469 is divided by 214?
161
Calculate the remainder when 15117 is divided by 936.
141
Calculate the remainder when 235971 is divided by 682.
681
What is the remainder when 69226 is divided by 69224?
2
What is the remainder when 9148 is divided by 9?
4
Calculate the remainder when 75781 is divided by 924.
13
What is the remainder when 19951 is divided by 34?
27
What is the remainder when 114644 is divided by 16374?
26
What is the remainder when 4454 is divided by 185?
14
Calculate the remainder when 5503 is divided by 62.
47
What is the remainder when 1032390 is divided by 17?
14
What is the remainder when 1627 is divided by 577?
473
Calculate the remainder when 161110 is divided by 246.
226
Calculate the remainder when 12765 is divided by 142.
127
What is the remainder when 4793 is divided by 86?
63
What is the remainder when 276572 is divided by 481?
478
What is the remainder when 77854 is divided by 13?
10
Calculate the remainder when 18705 is divided by 27.
21
Calculate the remainder when 18390 is divided by 81.
3
What is the remainder when 1893 is divided by 466?
29
What is the remainder when 11161 is divided by 104?
33
Calculate the remainder when 1162574 is divided by 20.
14
What is the remainder when 3460 is divided by 382?
22
Calculate the remainder when 35317 is divided by 1471.
13
Calculate the remainder when 1608987 is divided by 804491.
5
Calculate the remainder when 9829 is divided by 1270.
939
Calculate the remainder when 11599 is divided by 3852.
43
Calculate the remainder when 644622 is divided by 125.
122
Calculate the remainder when 103078 is divided by 2146.
70
Calculate the remainder when 4883 is divided by 329.
277
Calculate the remainder when 9576 is divided by 35.
21
Calculate the remainder when 1970 is divided by 240.
50
What is the remainder when 635 is divided by 159?
158
What is the remainder when 112830 is divided by 370?
350
Calculate the remainder when 9747286 is divided by 14.
10
What is the remainder when 68985 is divided by 19?
15
Calculate the remainder when 1637 is divided by 412.
401
What is the remainder when 15425 is divided by 15417?
8
Calculate the remainder when 4984 is divided by 1022.
896
What is the remainder when 1192703 is divided by 768?
767
Calculate the remainder when 13445 is divided by 50.
45
What is the remainder when 73148 is divided by 385?
383
Calculate the remainder when 9270 is divided by 548.
502
Calculate the remainder when 71466 is divided by 34.
32
What is the remainder when 106417 is divided by 17?
14
Calculate the remainder when 5387 is divided by 5231.
156
Calculate the remainder when 85069 is divided by 4049.
40
What is the remainder when 43291 is divided by 137?
136
Calculate the remainder when 1143 is divided by 299.
246
Calculate the remainder when 24151 is divided by 8042.
25
Calculate the remainder whe